 is the value of (-4 - (16 + -6 + -5)) + (1 - 2)?
-10
-7 + -6 - (-3 + 7) - -1
-16
Calculate 15 + -12 + 4 - (-3 + 2).
8
Calculate 17 + 41 + (-10 - 8) + -14.
26
Evaluate 1 - (1 + 6) - -4 - 3.
-5
What is 1 + 11 - (65 + -70) - -4?
21
-9 + -1 + -4 + -7 + 8
-13
(-2 - 2) + -3 + 11 - (-3 + -1)
8
(-334 - -336) + -17 + 1
-14
Calculate 12 + -29 + (59 - 14).
28
Evaluate 1 + -13 + 27 + -31.
-16
What is the value of -17 - (31 - 19) - -14?
-15
(-26 + -13 - -21 - 6) + (2 - 1)
-23
Evaluate (-12 - 0 - 4) + (-3 - -11) + 27.
19
Evaluate (102 - 93) + (10 - (3 - -1)).
15
What is (-11 - -2 - (-31 + 4)) + 7?
25
Calculate 32 + -29 + (1 - -3) + -4.
3
Evaluate -22 - -17 - (9 - 1).
-13
What is the value of (57 - 60) + 11 + 2 + -10?
0
What is the value of (80 - 101) + (0 - 4) + 4?
-21
5 + (-1 - 1) + (10 - -1) + -5
9
Evaluate -6 + -8 - (-3 + (-10 - -7) - 0).
-8
Calculate 3 - 15 - (-11 - -18 - 12).
-7
Calculate 0 - (5 - 2) - ((4 - 0) + -3).
-4
What is (6 - -2) + 6 + -23 + 12?
3
(21 - (33 - 19)) + 0 + 7
14
Calculate -7 + (-9 - ((8 - 24) + 8)) + -7.
-15
Calculate (-6 - (-9 - (9 - 18) - 8)) + -35.
-33
(-3 + 4 - 7) + 8
2
What is the value of 3 + (-6 - (-7 + 17 - 20 - 1))?
8
What is (-5 - (-16 + -9)) + -4?
16
What is -8 + (8 + -8 - (0 + 1))?
-9
(-28 - -30) + (1 - 10) + 17 + -4
6
Evaluate -1 - 0 - -23 - (64 + -35 - 24).
17
What is the value of 1 - -15 - (-251 - -274)?
-7
What is the value of -6 - (14 + -9) - (-2 + -4)?
-5
Calculate 3 + (5 + 2 + (-4 - 1) - 2).
3
What is the value of 30 + -56 - -46 - (-1 + -2)?
23
Calculate -12 + (2 - -2) + (-9 - -9).
-8
What is the value of -4 + 1 + -1 + -5 + (23 - 27)?
-13
-13 + -2 + (-7 - -13) - 4
-13
What is the value of -14 + -1 + 0 + 0 + (585 - 595)?
-25
Evaluate 20 - ((15 - 24) + 30).
-1
Evaluate (-10 - (3 - 16)) + -29.
-26
Evaluate (0 - -5) + 5 - (8 - (3 + -1)).
4
Calculate -48 - -31 - (-8 + 2 - -22).
-33
(54 + 4 - 30) + -54
-26
Calculate 3 - (1 - 13 - -7) - -2.
10
Evaluate (2 - 4) + (64 - 66) - 9.
-13
What is 6 + (-12 - (-1 - 2 - (6 + -11)))?
-8
Evaluate -6 + 6 + 7 + (10 - 3).
14
0 - (-17 + 2) - (10 + -1 - 3)
9
Calculate -14 + -7 - (-7 + 7 + (-1 - 1)).
-19
Calculate 14 - (22 + -12 - 2).
6
(-19 - (-29 + -9)) + -3
16
What is the value of 5 + (7 - (-12 + -6 + -12 + 21))?
21
Calculate 19 + 1 - (-189 - -204).
5
What is 12 + (-19 - -45) + -9?
29
Calculate -2 + (1 - (1 - -3)) + (3 - 4).
-6
What is -5 + 3 + -12 + 9 - (-6 - 0)?
1
What is the value of -9 - (-17 + 3 + -1 + 1)?
5
What is -6 + -4 + (11 - 8)?
-7
Evaluate (27 - 27) + -20 - -28.
8
Calculate (-4 - -10) + -2 - 19 - (-4 + -3).
-8
What is 11 - (-6 + (-28 - -35))?
10
What is (2 + -4 - 4) + 3 + 86 + -115?
-32
Calculate -5 + 12 + 14 + -17.
4
What is (-43 - -58) + -2 - 43?
-30
What is the value of 4 - (-4 + (0 - -6) + (-2 - 2))?
6
Calculate -4 + (19 + -9 + -22 - (2 - 37)).
19
Evaluate -7 - -11 - ((-5 - -7) + -7).
9
What is -10 + (-11 - (-9 - 8)) + -8?
-12
365 + -361 + -2 + 30
32
What is the value of (-2 + 5 - 8) + -2 + 1 - -10?
4
Evaluate (6 + 2 - 29) + 10 + 23.
12
What is 0 - 3 - (0 - (2 + 6)) - -6?
11
3 + -6 + -4 + -4
-11
Calculate -41 - (34 - (50 + 17)).
-8
What is 4 + 0 - (36 - 1)?
-31
What is the value of (-12 - -9) + (2 - (2 + -2 - 5))?
4
Evaluate (-111 - -106 - (2 + -2 - -1)) + 10.
4
What is -3 + (-2 - -19 - 10) + -1?
3
What is the value of 8 + (4 - 4 - 2) + 7?
13
(1 + 0 - -7) + (47 + 14 - 45)
24
What is 14 + -1 - -28 - 10?
31
-68 - -71 - (9 - -2)
-8
Calculate (8 - 10 - -11) + 0 + -9.
0
29 + (-16 - -16) - 20
9
What is the value of -13 - (2 - (12 + 3))?
0
-14 - (48 + -59 + 0 + 7 - -5)
-15
What is (-7 - -2) + (11 - (25 + -10))?
-9
What is 21 - (-7 - -11 - 6 - -6)?
17
Evaluate 24 - 19 - ((3 + 0 - 1) + 18).
-15
Calculate 10 + -25 + 6 + (9 - 0 - 5).
-5
What is the value of 4 - (19 + -26 - (3 + -2 + -6))?
6
Evaluate -61 - -27 - ((9 - -1) + -8).
-36
Evaluate -5 + 9 + -28 + 13.
-11
-20 + (2 - 5) + 24
1
What is (-29 - (10 - (5 + 10))) + 4?
-20
What is the value of (2 - -1) + 15 + (0 + -1 - 5)?
12
What is the value of -6 + (-1 - 0) + -310 + 293 + -2?
-26
What is the value of -8 - -13 - 22 - -26?
9
3 - (-23 - -34 - 38)
30
Evaluate 25 - (42 + -24 + -10).
17
Calculate -4 + 4 + 2 + 0 + 11 + -4.
9
Evaluate (-4 - (12 + -14)) + 17.
15
What is -8 + (3 - 7 - -1)?
-11
Calculate -2 - 23 - -2 - (-27 + 31 + -9).
-18
15 + -11 + -1 + 4 + 1 + 2
10
What is the value of -1 + (50 - 57) + (5 - -1) - -9?
7
2 + (-15 - (-5 + -16)) - (8 + 0)
0
Evaluate 4 + (-2 + 19 + -9 - 26).
-14
What is the value of (6 - -7) + (43 + -50 - (-1 - 11))?
18
What is the value of 9 - (-8 - -9 - (-15 + 13 + -1))?
5
What is the value of (16 - 0) + (239 - 258)?
-3
What is (3 - -5) + (-19 - 0) + 11?
0
What is the value of -6 + (-1 - 7 - (4 + 8 + -18))?
-8
-27 - -43 - (8 - (-5 - -4))
7
What is the value of 13 - (15 + -12) - (10 - 19)?
19
Calculate 1 + 8 + (-4 - -7) + (-19 - -15).
8
Calculate (-2 - ((5 - 4) + -5) - 1) + -7.
-6
Calculate (-9 - 4 - -3) + 6.
-4
What is the value of 60 - 20 - 30 - (1 - (1 - 22))?
-12
What is the value of -3 + 1 + (-8 + 33 - 11)?
12
3 - (-2 + 2 + -5 + 5 + 12)
-9
What is 39 - 18 - 16 - (18 - 2)?
-11
0 + (2 - -2) + (8 + -19 - -12)
5
Calculate 35 + 17 + -59 + -30.
-37
(40 - 9 - 21) + -13 + 0
-3
What is the value of 6 + 9 - 12 - -13?
16
What is -4 + 15 + ((7 - 5) + 0 - 0)?
13
8 - (-5 + 15 + -8 - -18)
-12
Evaluate 0 + -3 - -1 - (-3 + 7 - 21).
15
(57 - 16 - 23) + -6
12
What is the value of -1 + (8 - 18) + 5 + (2 - 0)?
-4
What is 1 + -3 + (93 - 87) + -1 + 3?
6
Evaluate -98 + 51 + 48 - (0 - -19).
-18
Calculate -14 + -17 + 6 - (-6 + 1).
-20
Calculate 71 + -65 + -9 + (40 - 0).
37
Evaluate -8 + 9 - (2 + -8).
7
What is 0 + 1 - 8 - (249 + -243)?
-13
What is the value of 9 + -6 + 13 + -9 - -6?
13
Calculate (-6 - (-7 + 6)) + (-7 - (-9 - -2)).
-5
Calculate 15 + -18 - (-2 - 3).
2
Calculate 2 + (33 - 68) + 43.
10
What is the value of 7 + (3 - -6) + (0 - 7) - -12?
21
Evaluate -6 - (36 - (18 + (-11 - -3))) - -11.
-21
Calculate -34 - ((-9 - (3 + -6) - -6) + -8).
-26
Calculate -7 + (5 - (-18 + (-13 - -5) + 9)).
15
Evaluate (6 - ((2 - 9) + -2)) + (-1 - 2).
12
What is -3 + 0 + -15 + -6 + 9?
-15
What is 13 - (-16 - (-12 + 0 - 0))?
17
Evaluate -10 - (1 + -5 - -21 - 4).
-23
Evaluate 10 - (3 + -9) - 2.
14
Evaluate -6 + (4 - 28 - -6) + (11 - 5).
-18
3 + -9 + 3 + (-3 - -2)
-4
What is the value of 22 + -27 + (-3 - (-2 - 13)) + 3?
10
0 + (6 - 3 - (1 - -7 - 11))
6
Evaluate -132 + 122 - ((-1 - -1) + -4 + -5).
-1
(-5 - (6 + -1 + -3)) + 13 - 3
3
What is the value of 2 - (-2 + 9 + -8 + 14 - -6)?
-17
Evaluate 24 - 9 - (-5 - -18).
2
(1 - (3 - -1)) + (6 - 32) + 24
-5
What is the value of -8 + 3 + 3 - (238 - 251)?
11
What is the value of (22 + 2 + -13 - 40) + (0 - -6)?
-23
Calculate -82 - (-19 + 14 - 39).
-38
Evaluate 51 + -101 - -25 - (-5 + 1).
-21
What is the value of -10 + 12 + -20 - (-68 + 47)?
3
Calculate (1 - 10) + (3 - -11).
5
Evaluate (0 - 24 - (-74 + 63)) + 6.
-7
What is -26 - (-51 + 13) - 16?
-4
Calculate 12 + (-15 - (-5 - 12) - 19).
-5
1 - (-2 - -3 - -6 - 17)
11
Evaluate (-25 - -51) + (-6 - 14).
6
What is (13 - 14) + (-5 - -17)?
11
21 + -33 + -5 - -20
3
Evaluate (-11 - -4) + -16 + 9 + 4.
-10
Calculate (0 - -4) + (48 - (77 - 25)).
0
Calculate 4 + (160 + -142 - (-1 + 13)).
10
Evaluate 8 + 37 + -36 - (2 + 0 - -1).
6
What is -3 + (-2 - (2 - -2 - (7 - 2)))?
-4
(14 - 0) + (-60 - -61) - 3
12
Calculate -2 + (0 - 4) - -2.
-4
Evaluate (-4 - 5) + (5 - -4) + 9.
9
Calculate 50 - 16 - 22 - (0 - 5).
17
What is the value of (2 - 0) + -61 + 32 + 31?
4
What is the value of (-1 - 2) + -11 + 4 + -3 + 5?
-8
Evaluate 1 + (-3 - 4) + 59 + -46.
7
Evaluate 643 - 646 - (-1 - -3 - -1).
-6
What is 0 - (-2 - ((-31 - -20) + 21))?
12
Calculate -5 - (-5 + 8 + -14 + 9 + -25).
22
Calculate 6 - (0 + 3) - (19 + -70 + 36).
18
What is (-53 - -59 - (3 + 1)) + 0?
2
What is 56 - 47 - (10 - 2)?
1
What is 5 - (7 + 0 + (-6 - 0))?
4
What is the value of -10 + -4 + 13 - (3 + -4 + 0)?
0
What is the value of (-33 + 10 + 12 - -2) + -2 + 1?
-10
What is the value of 15 - (5 + -3 + -6) - (-7 - -3)?
23
What is the value of (-2 + 3 - (-37 - -23)) + -6 + -10?
-1
Evaluate (5 - -10) + -24 - -12.
3
19 + (-35 - -13) + 21
18
What is the value of -1 + -7 - (4 + 0 + (4 - 30))?
14
48 + -11 - 14 - 16
7
What is the value of -8 - -6 - (1 - 2) - (14 + -15)?
0
What is the value of 4 + -1 + (4 - -2 - (-18 + 47))?
